 (-1 - 1)/(-1*5/30). Suppose 4*o = -4*m, 2*m - n = 2*o + 4. Suppose 0 = m*g - 0*j + 5*j - 3589, 4*j = -4*g + 3592. Is g prime?
False
Let o = -403071 - -680472. Is o a composite number?
True
Suppose -z - r = -2*r - 3, -3 = -2*z + r. Suppose -o - 4 = 0, -4*x + 140 = -z*x + 3*o. Is x a composite number?
True
Let h(o) = -142*o**3 + 6*o + 12. Let v be h(5). Let m = v - -25282. Suppose -15*i + 17*i - m = 0. Is i a prime number?
False
Suppose 2460 = -5*c + 5*g + 90530, 12 = 4*g. Is c a composite number?
True
Let w(a) be the third derivative of 7*a**6/40 + a**5/30 + 7*a**4/12 + 2*a**3/3 - 51*a**2. Is w(5) composite?
False
Let t be 39*(-1 - -6 - 4). Let a = t + -20. Is a composite?
False
Let d = -78 + 71. Let t be -1 - d/(14/8). Suppose -21288 = -4*q - 5*g, -q - g = -t*g - 5335. Is q a prime number?
False
Suppose -3*l + 46665 = 4*z, 5*l - 83387 + 5676 = 4*z. Is l a prime number?
False
Suppose -55*f + 30*f = -28*f + 1120551. Is f prime?
True
Let n be (-1)/((0 - -2)*10/(-660)). Is (4/(-3) - -3) + 24662/n prime?
False
Let i = 31210 + -14622. Let g be i/6 - 16/24. Suppose -g = -4*d - 4*a, 3*d - 2073 = -a + 6*a. Is d a composite number?
False
Let s(y) = -5*y**2 + 3*y + 28 - 3*y**2 + 21*y**2. Let z be s(10). Suppose 2*g = -3*x + z, 3*x + 438 = g - 223. Is g a prime number?
True
Let a be (-9)/6*1*(-16)/(-6). Let k(c) = -169*c + 45. Is k(a) a prime number?
False
Let a be ((-118)/(-236))/((-2)/(-12)). Suppose 886 = a*n - 7559. Is n a prime number?
False
Let y(a) = 1989*a + 293. Is y(6) prime?
True
Suppose -y + 185179 = -5*f, 31*y - f + 926051 = 36*y. Is y a prime number?
False
Let z = 53 + -69. Let f be (z/(-10) - -2)*1370/3. Let b = f - 967. Is b a prime number?
True
Let f = -19570 + 48107. Is f a composite number?
False
Suppose 0 = -4*i - 74*i + 5574270. Is i a prime number?
False
Suppose 2*y = -3*v - 8, v + y + 16 = 3*y. Let g(h) = h**2 + 8*h + 16. Let q be g(v). Suppose 3*l = -q*l + 2989. Is l composite?
True
Let h(r) = 2*r + 2 + 33*r**2 + 3*r - r - r. Let m be h(-4). Suppose 4*f = -16, -4*f = -5*x + 793 + m. Is x a prime number?
False
Suppose -11*u - 4*w = -10*u - 14143, 0 = -4*u + 6*w + 56572. Is u prime?
True
Let x(h) = 7*h + 34. Let p be x(-5). Is 1 + 3 + (p - 3132)/(-1) prime?
True
Suppose 8*p = 3*p + 5*a + 4480, -2*a = 3*p - 2663. Let i = p + -218. Is i composite?
False
Let q(x) = -25*x + 57. Let u be q(0). Suppose 0 = 54*k - u*k + 4659. Is k a prime number?
True
Suppose 44 = -2*s + 3*n + n, -5*n = -4*s - 85. Let g be 5424 + (-16)/(s/(-5)). Suppose 0 = -5*t + 3*a + g, -3*a = -18 + 3. Is t a prime number?
True
Suppose 4*x = 3*p + 70, 0 = 2*p + x - 0*x + 54. Let c be (-2366210)/(-182) + 4/p. Suppose -c = -7*f + 13284. Is f prime?
False
Suppose 2*k + 4 = 4*f, -f - 1 = -3*k - 2. Suppose 2*s - 1044 - 18412 = k. Suppose -5*v - 3*j + 2*j + s = 0, -v + 1936 = -3*j. Is v composite?
True
Suppose 4*c - 2*t - 26 + 2 = 0, c + 2*t - 16 = 0. Is 338106/14 - c/(-14) a prime number?
True
Let n(y) = -171*y**2 + 5*y + 40. Let t be n(7). Let r = 16813 + t. Is r composite?
True
Let r = 1953187 + 223348. Is r prime?
False
Is (-3837576)/(-18) + (-845)/(-195) prime?
True
Let a = 9829 - 2012. Is a a composite number?
False
Suppose r - 2*t - 21509 = 0, 0 = -25*t + 30*t. Is r prime?
False
Let n = -113585 - -246544. Is n a prime number?
False
Suppose -5*b - 18610 - 4720 = 0. Let x = 2901 + b. Let k = -696 - x. Is k prime?
True
Suppose -23*w + 3680022 = 583773 - 5562814. Is w a composite number?
True
Suppose -27401680 = -73*o - 7*o. Is o composite?
False
Let k(z) = 114784*z**2 + 142*z + 141. Is k(-1) composite?
True
Let w(r) = r**2 + 6*r - 30. Let i be w(-22). Let v be ((-4830)/20)/(i/324 - 1). Is v/56 - (-3)/8 a composite number?
True
Suppose -17*s + 5784531 - 1477394 = 0. Is s composite?
False
Let z(c) = 7*c**2 - 32*c + 13. Suppose -5*m - 5*q = 145, -m + 10 = -4*q + 44. Is z(m) a composite number?
True
Let g(s) = -51*s + 4. Let d(l) = 102*l - 8. Let m(c) = -6*d(c) - 11*g(c). Suppose -4*f - 3*j - 21 = 0, 12*f - 13*f - j - 6 = 0. Is m(f) a prime number?
True
Let n(b) = b**3 - 4*b**2 + 3*b + 1. Let p be n(4). Suppose -340 + 442 = c. Suppose -s + c = p. Is s prime?
True
Let h(n) = n**3 - n**2 + 9*n + 92. Let b be h(16). Suppose 7*s - b = -723. Is s a composite number?
False
Let w(z) = -2 - z**3 - 35*z**2 + 13*z**2 - 33 - 9*z - 64*z. Is w(-34) prime?
True
Suppose 13*s - 14*s + 4*p = -26171, -5*s + 130855 = -4*p. Is s a composite number?
False
Suppose -4*f + 2*b + 4520124 = 0, 0 = 5*f - 5*b + 3477111 - 9127246. Is f composite?
True
Suppose 15*s + 232385 = 20*s. Is s a composite number?
False
Let f(i) be the second derivative of i**4/6 - 5*i**3/2 - 20*i**2 + i. Let l = -3043 - -3062. Is f(l) a prime number?
True
Suppose 5*i = -3*a - 1237, 0*i + 399 = -a + i. Let v = -37 - a. Is v composite?
False
Let n(a) = 36*a - 897. Let f be n(25). Let o(w) = -3*w**3 + 1. Let l be o(-1). Suppose 0 = f*v + l*v - 25837. Is v a prime number?
True
Let u(w) be the second derivative of -91*w**5/20 + w**4/12 + 4*w**3/3 + 5*w**2/2 + 117*w. Is u(-3) prime?
True
Suppose 28 = -2*g - 2*z, -37*g + 80 = -41*g + 2*z. Let c(u) = -2 + 3 - 33*u + 26*u. Is c(g) composite?
False
Let g = -10 + 12. Let y = -104 + 101. Is 2004/(-18)*y/g composite?
False
Let t be 24/6 + -6 + 3*2. Suppose 4*w = -t*d - 4308, 2*w = 4*w - 4. Let j = -676 - d. Is j composite?
True
Suppose -a - 2*d + 5580 = -25, -3*a = 3*d - 16821. Is a a prime number?
False
Suppose 4*t + 246862 = p - 132323, 758379 = 2*p + t. Is p a composite number?
False
Let t(m) = -m**3 + 21*m**2 + 2*m - 35. Let u(d) = d**3 - 10*d**2 + 12*d - 6. Let n be u(9). Let l be t(n). Suppose l*s + 6932 = 11*s. Is s a prime number?
True
Let b be -17*13/(((-35)/10)/(-7)). Let w = b - -4941. Is w prime?
False
Let o(g) = -g**3 - 20*g**2 - 21*g - 36. Let f be o(-19). Let u be 12/(-4) - (-3522 + (1 - f)). Suppose 4*c = -4*m + 3524, -3*m = m + 2*c - u. Is m prime?
False
Suppose 0 = -9*i - 212 + 23. Let p be (6/(-21))/1 + (-6)/i. Suppose 2*t - 8*t + 1230 = p. Is t a prime number?
False
Suppose 0 = 4*j, 6 = -b + j + 13. Suppose -b*n + 22614 = 200. Is n a prime number?
False
Let m be (-6)/27 - -47*(-2)/(-18). Suppose -m*o + 6546 + 2524 = 0. Is o prime?
False
Let v = 64 + -42. Let i = -22 + v. Suppose i = 4*l + 16, n = -3*l + 4*l + 453. Is n a prime number?
True
Is (-40485)/(-20)*(-1748)/(-57) composite?
True
Let m be 6/15*35/(-14). Is m*(2 - 0)*(-76461)/42 composite?
True
Let p = -134 - -132. Let d(n) = -43*n**3 - n**2 + 2*n + 1. Is d(p) a prime number?
True
Let k(l) = -5 + 2 - 4 + l + 3. Let r be k(6). Suppose -5*s - m + 397 = 137, 4*s + r*m - 202 = 0. Is s a composite number?
False
Suppose -4*n + 15 = -5*n - 3*x, -4*x - 20 = 4*n. Suppose 3*q - 15396 = 3*j, -2*q + 5*q + 2*j - 15371 = n. Is q a composite number?
True
Let n = 150892 + -91211. Is n composite?
True
Let w = 12 + -8. Let j(r) = 1620*r - 1. Let n(u) = 1620*u - 1. Let g(b) = w*j(b) - 5*n(b). Is g(-3) composite?
False
Is (-39)/143 + 9987880/44 a prime number?
False
Suppose -5*q - 36 = -17*q. Is (-1 - 196/q)/((-3)/63) prime?
False
Let n = 92 - 98. Is (1 - 2)*946/(n/3) a prime number?
False
Suppose -32*u - 1425266 = -36*u - 5*j, 0 = 5*j - 30. Is u a composite number?
True
Suppose -153*q + 164*q = 615637. Is q a prime number?
True
Let q(p) = 5*p - 113. Let n be q(24). Suppose -3*k = -5*s - 5217, 3*k = n*k - 4*s - 6956. Is k composite?
True
Suppose 0 = -5*m + 10, 11*m = 5*u + 6*m - 10. Let s be (-2)/u - 10*(-30)/(-24). Is (14/91 - 67832/s)/2 composite?
False
Let o(u) = 40*u**2 - 9*u + 9. Let p be o(-7). Let n(w) = 3*w**3 - 133*w**2 + 45*w - 28. Let j be n(44). Suppose p = j*x - 0*x. Is x composite?
False
Let i be (-665)/(-30) + 1/(-6). Let w = i + -53. Let c = w - -110. Is c a composite number?
False
Suppose -627157 = 9*l - 41*l + 89035. Is l a prime number?
True
Suppose 29*j = -175*j + 14776332. Is j prime?
False
Is 1023/110*462087 + 16/(-160) prime?
True
Let h(o) = -4*o**3 + 10*o - 19. Let k(m) = -9*m**3 - m**2 + 20*m - 38. Let l(f) = 5*h(f) - 2*k(f). Is l(-13) composite?
False
Is ((-2)/4)/(61369936/8767136 - 7) composite?
True
Let x be (-23)/(23/(-120)) + 5. Is 68205/x*5 - (-8)/10 a prime number?
True
Suppose 2*o + 2*p = 411166, 8*p - 11*p - 616767 = -3*o. Is o composite?
True
Suppose -4*t + 1202540 = 2*j, 5*t = -3*j + 120617 + 13